t is -113 - -1640636?
1640523
In base 13, what is -88 - 18510?
-18598
In base 16, what is 2c95e - 1eb?
2c773
In base 13, what is 4 - -198c7cc?
198c803
In base 4, what is 22203 - -103233001?
103321210
In base 10, what is 1 - -76273928?
76273929
In base 9, what is -3 + 257741723?
257741720
In base 4, what is -10123030 + -12020?
-10201110
In base 10, what is 229647 + -15?
229632
In base 12, what is -34 + -3b6a?
-3ba2
In base 16, what is -52c5 - 544?
-5809
In base 2, what is -10101000100101010001111001 + 101?
-10101000100101010001110100
In base 10, what is 0 - -9803323?
9803323
In base 9, what is -153766 + 3?
-153763
In base 9, what is -124535222 - 2?
-124535224
In base 13, what is -710b + -493?
-75a1
In base 3, what is 210211121021 - 211?
210211120110
In base 9, what is 3176171 + -8?
3176162
In base 12, what is -12aaa + 117?
-12993
In base 15, what is 264692 + 5?
264697
In base 3, what is -11 + 1102010020012120?
1102010020012102
In base 7, what is 125440 + 1110?
126550
In base 5, what is 314422140 - 3?
314422132
In base 6, what is -4101 + 425101?
421000
In base 3, what is 12010010 - -11000020?
100010100
In base 16, what is 65bf321 + 5?
65bf326
In base 3, what is -10 + -22201110022112110?
-22201110022112120
In base 13, what is 1183a0 - -81?
118451
In base 16, what is 170c - 17?
16f5
In base 15, what is bc0 + 1360?
2030
In base 6, what is 15115 - 1005203?
-550044
In base 2, what is -11111100011 - -1000101011111001?
1000001100010110
In base 2, what is -10001 + 1010100111010011?
1010100111000010
In base 3, what is 12 - 1102120102120222?
-1102120102120210
In base 8, what is 24 + -4367331?
-4367305
In base 15, what is -13719 + 141?
-135c8
In base 14, what is -dc - -1316c?
13070
In base 13, what is 584 + 11c75?
12529
In base 16, what is 4 + -11cd9c?
-11cd98
In base 11, what is 1072895 + 494?
1073279
In base 14, what is -926 + 88c3?
7d9b
In base 12, what is 1b2 - 9855?
-9663
In base 2, what is 110001100100000111111011100 - -11?
110001100100000111111011111
In base 8, what is 134 + 314042?
314176
In base 13, what is cb4a - 14?
cb36
In base 8, what is 514 - -27302?
30016
In base 9, what is -84 - -127511?
127416
In base 10, what is 47799 - -6016?
53815
In base 4, what is -1301 + 12131203210?
12131201303
In base 14, what is -1153 + 17024?
15cb1
In base 5, what is -2202243 - 221?
-2203014
In base 9, what is -4 + 11308000?
11307885
In base 10, what is 3 - -42382151?
42382154
In base 5, what is 1 - -234334233?
234334234
In base 13, what is -4 + -b46430?
-b46434
In base 16, what is 1c7b89bd + 3?
1c7b89c0
In base 13, what is -17180 - 46?
-171c6
In base 9, what is 4 - 60250355?
-60250351
In base 4, what is -30101 - 322302?
-1013003
In base 14, what is -2d + -c0145?
-c0174
In base 3, what is -2121012 - -2100210?
-20102
In base 4, what is -102031 - 30100133?
-30202230
In base 5, what is -10 + 122330142?
122330132
In base 2, what is 10000001111000100111 - 101101?
10000001110111111010
In base 10, what is -3 - 489296?
-489299
In base 10, what is 755904 - 736?
755168
In base 4, what is 222101 + 2221113?
3103220
In base 16, what is -77e6b + -5?
-77e70
In base 5, what is -1010 + 42304224?
42303214
In base 15, what is 3 - 57885?
-57882
In base 7, what is 431 + 3613530?
3614261
In base 6, what is -34043355 + 3214?
-34040141
In base 7, what is -10 - -52256655?
52256645
In base 7, what is 2435153055 - -12?
2435153100
In base 9, what is 2426584 + -508?
2426075
In base 9, what is 4 + 31414047?
31414052
In base 14, what is -106 - 581928?
-581a30
In base 7, what is 0 + -201126240?
-201126240
In base 3, what is -20200100 + 1102110?
-12020220
In base 14, what is 17d7c5 - -47b?
17dc62
In base 3, what is 12 - 11001001112202011?
-11001001112201222
In base 7, what is 1 + -20324653?
-20324652
In base 13, what is -a2 + 1ab5a?
1aa88
In base 4, what is -313003203 + -2123?
-313011332
In base 14, what is 99c61753 - 1?
99c61752
In base 3, what is 1002122 + -2111212021101?
-2111211011202
In base 11, what is -13830 - 192?
-13a12
In base 5, what is -1 - -220312434341?
220312434340
In base 2, what is -1 + 110110011110110110000000?
110110011110110101111111
In base 3, what is -1100021222 - -10111020?
-1012210202
In base 9, what is 2 + 25273371?
25273373
In base 3, what is -21111200001102 + 10?
-21111200001022
In base 2, what is 11110000100011 + 11001111010?
100001010011101
In base 8, what is -1522333 + 520?
-1521613
In base 12, what is 1028bb119 - 3?
1028bb116
In base 8, what is -1 + 10767503?
10767502
In base 2, what is 10101011000111111 - -1000100?
10101011010000011
In base 8, what is 26744 + 5413?
34357
In base 8, what is 3 + -203217764?
-203217761
In base 3, what is 1 - 122020212211212?
-122020212211211
In base 7, what is -531643 + 402?
-531241
In base 13, what is -10a10 - 13b7?
-120c7
In base 7, what is -5136543 - 6?
-5136552
In base 7, what is 4 - 241422264?
-241422260
In base 8, what is -474313705 - -5?
-474313700
In base 14, what is 4 + -9057c?
-90578
In base 8, what is 2266104004 + 2?
2266104006
In base 10, what is 69399 + -4333?
65066
In base 10, what is -11 + -514685?
-514696
In base 2, what is -101111000100101 - -1010111110?
-101101101100111
In base 4, what is -3132 - 1221221?
-1231013
In base 8, what is 544 - -35524?
36270
In base 6, what is -4500540 - -13?
-4500523
In base 9, what is 123 - 156235?
-156112
In base 10, what is -1571 - -3587?
2016
In base 6, what is -4015512 + 1?
-4015511
In base 15, what is -51b - -3915?
33e9
In base 5, what is 123233431431 + 10?
123233431441
In base 3, what is -22112110110 + -1120?
-22112112000
In base 16, what is 2675e - -8c?
267ea
In base 10, what is -6212765 + 6?
-6212759
In base 9, what is -3811 + -110011?
-113822
In base 3, what is 20201001 - -112200211?
210101212
In base 14, what is bb583ca1 + 5?
bb583ca6
In base 4, what is -30 + -2110222030?
-2110222120
In base 15, what is -1c + 9925?
9908
In base 5, what is -3 - 22003231012?
-22003231020
In base 6, what is -3054043303 - -5?
-3054043254
In base 8, what is -160112 + 12021?
-146071
In base 13, what is 8076 + 66?
810c
In base 10, what is 22302081 - -1?
22302082
In base 10, what is 43738428 - 0?
43738428
In base 15, what is 7cd56 - -1b?
7cd72
In base 12, what is -3 + 70a9b93?
70a9b90
In base 15, what is -37b0 - -173d?
-2072
In base 8, what is 210 + 60536?
60746
In base 7, what is 3 - 24021443?
-24021440
In base 10, what is 17 + -76094224?
-76094207
In base 2, what is 1010011100000100101000101 + -1001?
1010011100000100100111100
In base 15, what is e0 - 1e726?
-1e636
In base 5, what is -110141124 - 31?
-110141210
In base 13, what is -153ca - -b598?
-6b32
In base 15, what is 2 - -82725d6?
82725d8
In base 16, what is -443 - 2f87?
-33ca
In base 15, what is 3 - -3b11758?
3b1175b
In base 4, what is 132122102120 - -3?
132122102123
In base 12, what is 194365b - 15?
1943646
In base 8, what is 71436517 - 0?
71436517
In base 7, what is 1 + -21165253?
-21165252
In base 8, what is 2050 + 36254?
40324
In base 15, what is 1407 - -10ab?
24b3
In base 10, what is 210430 + -123?
210307
In base 8, what is -127656 + 1413?
-126243
In base 4, what is 100211032 + 110?
100211202
In base 8, what is 1 - -172056?
172057
In base 16, what is -5 - 4fa6ad?
-4fa6b2
In base 9, what is -3111515 + 82?
-3111423
In base 9, what is -3020 + 116305?
113275
In base 15, what is 13aa1 + -68e?
13412
In base 6, what is -5544054400 - 5?
-5544054405
In base 8, what is 10437737 - 24?
10437713
In base 10, what is -5064662 + -5?
-5064667
In base 12, what is -76 + 54a9091?
54a9017
In base 12, what is 13 - -234383?
234396
In base 3, what is -2 - -11001112122222201?
11001112122222122
In base 12, what is 234978 + 14?
234990
In base 15, what is 27 + -d3c99?
-d3c72
In base 11, what is -1a1 - -249853?
249662
In base 9, what is 0 - -21586430?
21586430
In base 15, what is 1d52350 + -2?
1d5234d
In base 7, what is 56 + 136454?
136543
In base 8, what is 776 - -1200415?
1201413
In base 5, what is -21101 + -112310?
-133411
In base 12, what is 1a6 + -2b584?
-2b39a
In base 15, what is -9 - 25b548?
-25b552
In base 4, what is 3 - 301023210301?
-301023210232
In base 6, what is 443142125 - -1?
443142130
In base 9, what is -4877 + -44438?
-50426
In base 11, what is 5 + -3a349995?
-3a349990
In base 4, what is 0 - 120133320003?
-120133320003
In base 14, what is 1a89d +